ue
Is 13421519333 a composite number?
False
Is 8427790093 prime?
False
Is 18042284723 a composite number?
False
Is 494472161 composite?
True
Is 48091779811 prime?
True
Is 21198901859 composite?
True
Is 103230367 a prime number?
False
Is 203066861 a composite number?
False
Is 131354269 composite?
False
Is 1541707799 a composite number?
False
Is 8747199047 a composite number?
True
Is 156576509 a composite number?
False
Is 14492361907 a composite number?
True
Is 1103164589 composite?
True
Is 3649756147 a prime number?
False
Is 14336029913 composite?
False
Is 3922085813 composite?
False
Is 2869824707 composite?
True
Is 39607504333 prime?
True
Is 363041381 a prime number?
False
Is 516668639 composite?
True
Is 2433208909 prime?
True
Is 7323998887 a prime number?
True
Is 842606101 prime?
True
Is 1113561367 prime?
False
Is 905798843 prime?
True
Is 71121762653 a composite number?
False
Is 19144149217 prime?
True
Is 456034127 composite?
False
Is 4043010977 composite?
False
Is 1651741097 prime?
False
Is 2921397239 prime?
True
Is 8433687473 a prime number?
False
Is 1919305169 prime?
True
Is 6168423269 composite?
False
Is 14405406409 prime?
False
Is 3532465451 prime?
False
Is 2906810321 a composite number?
False
Is 3172851247 a prime number?
True
Is 5224004333 prime?
False
Is 6501159911 prime?
True
Is 11688724679 composite?
False
Is 2501016989 composite?
False
Is 782559709 prime?
False
Is 6599928847 composite?
False
Is 330296881 prime?
True
Is 1679684431 prime?
True
Is 796156313 composite?
False
Is 12047372567 composite?
False
Is 3331646683 composite?
False
Is 9766956157 prime?
False
Is 1443013861 prime?
True
Is 16972786883 a composite number?
True
Is 11969262817 prime?
True
Is 12104614211 composite?
False
Is 580212203 a prime number?
True
Is 74666220647 prime?
False
Is 142330107739 composite?
False
Is 3254445143 a prime number?
True
Is 3299573797 prime?
False
Is 22743494663 a composite number?
False
Is 21355268351 prime?
False
Is 9553058497 a prime number?
True
Is 357277859 a prime number?
False
Is 1186354601 a composite number?
True
Is 2900809853 prime?
False
Is 2323501337 prime?
True
Is 12337833619 a prime number?
True
Is 6449679227 prime?
True
Is 2756457799 composite?
False
Is 659628997 composite?
False
Is 10869874597 a composite number?
True
Is 1395452437 a composite number?
False
Is 1241923211 prime?
True
Is 192829679753 a prime number?
True
Is 84381165391 prime?
False
Is 21168034103 a composite number?
False
Is 148349689 prime?
True
Is 13836421411 prime?
False
Is 85655497 prime?
False
Is 586307921 a prime number?
True
Is 1024051411 a composite number?
False
Is 59098257091 a prime number?
True
Is 501155659 a composite number?
True
Is 41991257441 a composite number?
True
Is 19965709 a prime number?
True
Is 50628817 prime?
False
Is 9255216931 a prime number?
True
Is 35812805207 a composite number?
True
Is 2315315677 a composite number?
True
Is 31263302099 prime?
True
Is 5069783483 composite?
False
Is 385075421 a composite number?
True
Is 900814786 a composite number?
True
Is 14007560549 a prime number?
True
Is 2586816158 a prime number?
False
Is 17440010903 a prime number?
False
Is 2940253457 prime?
False
Is 47688975478 composite?
True
Is 17507940167 prime?
True
Is 151387199267 a prime number?
False
Is 29490779861 a prime number?
False
Is 6642924033 prime?
False
Is 16188348551 composite?
True
Is 191069939 composite?
False
Is 2087080703 prime?
True
Is 93251549 composite?
False
Is 1019790199 composite?
False
Is 22639357813 prime?
False
Is 11310060907 a composite number?
False
Is 8420692549 a composite number?
False
Is 122431621369 composite?
False
Is 919005719 composite?
True
Is 10946356771 a prime number?
False
Is 11067286519 a composite number?
False
Is 98356997 a composite number?
False
Is 51162905419 composite?
True
Is 966840959 composite?
True
Is 1624507021 a composite number?
True
Is 107122553 a prime number?
True
Is 22998666497 prime?
False
Is 1240665199 a prime number?
True
Is 630280489 composite?
True
Is 217846747 prime?
True
Is 1124826779 a prime number?
True
Is 8471009 a prime number?
False
Is 81691081 composite?
False
Is 3204087349 prime?
True
Is 126322686791 a composite number?
True
Is 455655779 prime?
True
Is 4585188559 prime?
False
Is 115716272609 composite?
True
Is 2858090833 a prime number?
False
Is 1258463483 prime?
True
Is 66894863 composite?
True
Is 119155921 prime?
False
Is 27631878541 a prime number?
True
Is 381373841 a prime number?
False
Is 26786001661 composite?
False
Is 738806297 a composite number?
False
Is 6774708671 prime?
False
Is 4186819759 prime?
False
Is 404434403591 prime?
True
Is 109371175889 a composite number?
False
Is 2335245347 a composite number?
False
Is 2356601801 a prime number?
False
Is 1582834997 a composite number?
True
Is 12823666937 a composite number?
False
Is 1989532711 a composite number?
True
Is 284558475829 composite?
True
Is 13270726699 a prime number?
True
Is 906235801 composite?
False
Is 124751951 a composite number?
True
Is 1424459229 a prime number?
False
Is 132246759259 a prime number?
True
Is 131741468779 prime?
True
Is 22944820513 a composite number?
False
Is 40055987 a composite number?
False
Is 2459798645 prime?
False
Is 149107884451 composite?
True
Is 1056434593 prime?
False
Is 2643359099 a prime number?
True
Is 166889467 prime?
False
Is 2145573137 prime?
True
Is 1636114793 prime?
False
Is 319733429 composite?
False
Is 3333034651 prime?
True
Is 1924085161 composite?
True
Is 384070393 a prime number?
False
Is 14617467829 a prime number?
True
Is 5172639223 composite?
False
Is 10915381013 prime?
False
Is 79684633907 composite?
False
Is 285226807 composite?
False
Is 244969469 a prime number?
True
Is 20698176671 composite?
False
Is 1262023003 a prime number?
False
Is 6764107481 a composite number?
False
Is 1376885449 a prime number?
True
Is 137894143 a prime number?
True
Is 398865151 prime?
True
Is 2807060693 prime?
True
Is 644815343 a composite number?
False
Is 58370291423 a prime number?
True
Is 1708737713 a composite number?
True
Is 16054756241 prime?
True
Is 608461709 a prime number?
False
Is 15318974593 a prime number?
False
Is 44641512557 a composite number?
False
Is 15854074655 composite?
True
Is 60900472459 a prime number?
False
Is 416963005 a prime number?
False
Is 109715523737 a prime number?
False
Is 1448215141 a prime number?
False
Is 21081248341 prime?
True
Is 309400127969 a composite number?
True
Is 10454493529 prime?
False
Is 774046391 composite?
False
Is 333833371 a prime number?
True
Is 373275335 a composite number?
True
Is 726812231 composite?
False
Is 1040607241 a composite number?
False
Is 148287813521 prime?
True
Is 10745384731 prime?
True
Is 2504380009 a composite number?
True
Is 256858421 a composite number?
False
Is 28141034203 composite?
False
Is 720233659 a prime number?
False
Is 1764315953 a prime number?
True
Is 4144324867 a composite number?
True
Is 1103491943 prime?
False
Is 2579081767 a composite number?
False
Is 1455491581 composite?
True
Is 1492366147 prime?
False
Is 144909715 a prime number?
False
Is 15051409309 a composite number?
False
Is 1103381491 prime?
True
Is 11246023543 a composite number?
True
Is 10272284519 prime?
False
Is 1157008579 composite?
True
Is 1627812917 a composite number?
True
Is 74762801 composite?
True
Is 19925512561 a prime number?
True
Is 292141009 prime?
False
Is 15022717 prime?
False
Is 4328911429 prime?
True
Is 2507207371 a prime number?
True
Is 6330097117 a composite number?
False
Is 33775138451 a composite number?
False
Is 978460207 a prime number?
False
Is 2927461597 prime?
False
Is 891553387 prime?
False
Is 8931983 a prime number?
True
Is 1418607611 prime?
False
Is 4493598191 a prime number?
True
Is 87909401 prime?
False
Is 605503373 composite?
False
Is 8038595413 composite?
True
Is 57671242131 prime?
False
Is 193401821 a composite number?
False
Is 322549033597 prime?
False
Is 65641519351 a composite number?
True
Is 1395092891 prime?
True
Is 29557847353 a composite number?
False
Is 1705603765 a prime number?
False
Is 19659159821 prime?
False
Is 2123507233 composite?
False
Is 3936958763 a prime number?
True
Is 4883027609 composite?
True
Is 2677348127 composite?
True
Is 530821787 prime?
False
Is 1351516487 composite?
True
Is 115